e -o = -0*f - b*f. What is the highest common divisor of 8 and f?
4
Let q be ((-2)/(-2))/(1/12). Suppose -q = -0*t + 3*t, 2*z = t + 24. What is the greatest common factor of 2 and z?
2
Suppose 0 = 5*m + 2*m - 49. Let p be -1 + ((-6)/(-2))/(-1). Let o be 172/6 + p/6. Calculate the greatest common factor of m and o.
7
Suppose 2 = -2*j + 6. Let s = 13 - 15. Let o be (1/s)/(2/(-72)). Calculate the greatest common divisor of j and o.
2
Suppose 0 = -3*v - 4*g + 8 + 54, -4*v + 100 = g. Calculate the greatest common divisor of 182 and v.
26
Suppose 5*t + 0*t = u + 53, t - 17 = -3*u. What is the highest common factor of t and 132?
11
Let n(a) = -8*a**2 - 2*a + 3. Let i(f) = -1. Let u(o) = -4*i(o) - n(o). Let m be u(-1). What is the highest common factor of 35 and m?
7
Suppose g + 0*g - 139 = -2*a, 3*a - 4*g = 192. Let d = -38 + a. Calculate the highest common divisor of d and 10.
10
Suppose -7*o + 2*o = -4*f - 278, 3*f - 5*o = -211. Let r = f + 163. Calculate the greatest common factor of r and 12.
12
Suppose 3*j - 260 = 2*x, -2*j - 4*x + 137 = -15. Calculate the greatest common factor of j and 12.
12
Let i = 7 + 4. Let o(p) = -4*p**3 - p**2 - 4. Let k be o(-3). Suppose 0 = -3*r + 268 + k. What is the greatest common divisor of i and r?
11
Suppose 44 = 30*j - 28*j. What is the highest common factor of 2 and j?
2
Let d(q) = -q**2 - 9*q - 3. Let x be d(-6). Suppose -v - r = -x, -v - 2*r = -0*v - 16. What is the highest common factor of v and 28?
14
Suppose -15 + 67 = 4*s. What is the greatest common divisor of s and 13?
13
Suppose -5*l - 9 - 6 = 0. Let v be (-27)/l + 2 + 1. Suppose 3 = -j + v. What is the highest common factor of j and 3?
3
Suppose u + 2 = 7, 5*x = 2*u. Suppose -b - 2*a = -6*b + 2, -4*b = -x*a. Suppose 16 = b*q - 26. What is the greatest common divisor of 21 and q?
21
Let d be (0 + 4/(-8))*-74. Calculate the greatest common factor of 111 and d.
37
Let d(x) = -4*x + 60. Let y be d(6). Calculate the greatest common factor of y and 84.
12
Let t = 94 + -87. What is the highest common divisor of t and 49?
7
Suppose -3*d = -4*t + 175, 2*d - 6*d + 60 = 2*t. Let a = -10 + 18. What is the greatest common factor of t and a?
8
Let q = 8 - 4. Suppose -4*f + 368 = -q*t, 4*f + 138 = -2*t + 500. Calculate the highest common factor of f and 13.
13
Suppose 3*u - 9 = 39. Let t(i) = -i**2 - 4*i - 1. Let v be t(-5). Let c = u + v. What is the greatest common divisor of c and 80?
10
Let u(n) = 13*n**2 + 12*n. Let x be u(5). What is the greatest common factor of 35 and x?
35
Let r be ((-80)/(-12))/((-1)/12). Let j = 143 + r. Suppose l - 57 = -3*h + 4*h, -l + j = -3*h. What is the highest common divisor of 6 and l?
6
Let o be -9 - -10 - (0 + -11). Let v be (-1516)/(-14) + (-2)/7. What is the greatest common divisor of o and v?
12
Let a be 1532/20 + 8/20. Let h be (-3 - 0/(-2))/(-1). Suppose j + c - 3*c = -1, -40 = -4*j - h*c. Calculate the greatest common factor of a and j.
7
Let o = -2 + -8. Let k(s) = -14*s - 10. Let a be k(o). What is the greatest common factor of 26 and a?
26
Let j(u) = -u**2 - u + 77. Let v be j(0). Calculate the greatest common divisor of 7 and v.
7
Let i(z) = 56*z**3 + z**2 - 2*z + 2. Let m be i(1). What is the greatest common factor of m and 19?
19
Let z = 209 + -158. Calculate the greatest common factor of z and 85.
17
Let h be 1/(1/2) - 4/(-1). Calculate the greatest common divisor of h and 6.
6
Let c(q) = q**3 + 7*q**2 + 6*q + 1. Let f be c(-4). Let l be ((-20)/f)/((-4)/130). Calculate the greatest common divisor of l and 39.
13
Suppose 0*r + 77 = n + 5*r, -4*r - 50 = -n. Suppose 5*c = 0, 2*m + c = 6*c - 4. Let i = m + n. Calculate the highest common factor of i and 40.
20
Suppose -o + 45 = 4*o. Suppose -b - 1270 - 886 = -s, -10772 = -5*s - 3*b. Let c be 2/12 - s/(-30). What is the greatest common divisor of o and c?
9
Suppose 11*m = 8*m + 120. Suppose -3*l + 32 = -16. What is the highest common divisor of m and l?
8
Let a = 0 + -1. Let j(q) be the first derivative of -30*q**4 + q**3/3 + q**2 + q + 1. Let i be j(a). What is the highest common factor of 12 and i?
12
Suppose 116 = 4*w - 2*h, w + 3*h - 96 = -2*w. What is the greatest common divisor of w and 210?
30
Let s(p) = 35*p - 9. Let o be s(3). Calculate the highest common divisor of 12 and o.
12
Let s = 10 + -2. Let c = 53 + 1. Suppose 4*k - c = 42. Calculate the highest common factor of s and k.
8
Suppose 2*f - 3 = f. Let n be 6/(-21) + (-550)/35. Let h = n - -31. What is the highest common divisor of f and h?
3
Suppose 4*v = 3*v + 18. Let x = 32 + 4. What is the greatest common factor of x and v?
18
Suppose 3*d + 23 = -3*a - 2*a, -15 = 3*d - 3*a. Let j be (-40)/d*(-90)/(-3). What is the greatest common divisor of j and 20?
20
Let n be ((-48)/(-18))/((-1)/9). Let a = n - -42. Calculate the highest common factor of 6 and a.
6
Suppose 3*o - 91 = -4*r - 2*o, 74 = 3*r - 2*o. Calculate the greatest common factor of 8 and r.
8
Let l = -10 - -16. Suppose -3*t + 12 + 6 = n, -4*t + 12 = 0. Calculate the highest common factor of l and n.
3
Suppose 0 = 3*p - 8*p + 80. Suppose 2 = -2*l + 8. Let v be l*(2 + (-58)/(-3)). Calculate the highest common divisor of p and v.
16
Suppose -3*w = -4*s - 28 - 8, -5*w - 5*s = -25. What is the highest common factor of w and 6?
2
Let q = -62 + 153. Suppose 4*g - 21 = -3*n + 38, -2*n = -5*g + q. Suppose -a + 4*y - 3 = 0, -2*y - 12 = -a - y. Calculate the greatest common factor of a and g.
17
Let n = 81 + -38. Suppose 4*h = 5*y + n + 73, -y = -4*h + 132. What is the greatest common factor of 85 and h?
17
Let f be (-4)/(-1) - (-3 - -2). Let i be -2 + f + -2 + -17. Let w = i + 25. Calculate the greatest common factor of w and 9.
9
Suppose -11 = 3*r - 53. Let s be 4/(-8) - 759/(-6). What is the greatest common factor of r and s?
14
Suppose 1 = -t, -5*h - 3*t + 26 = t. Let c = h + 4. Suppose 10 + c = 5*a. What is the highest common factor of a and 32?
4
Let h = -2 + 8. Suppose -h + 1 = 5*f. Let l be (-4 + -4)/(f/10). What is the highest common factor of 32 and l?
16
Let m be (-548)/(-8) + 2/(-4). Calculate the greatest common factor of m and 102.
34
Suppose 5*y - 653 = -3*p + 6*y, 2*p = 5*y + 457. Calculate the greatest common divisor of 8 and p.
8
Let r be (-5 + 3)/((-2)/32). Suppose 12*u = 8*u + r. What is the greatest common divisor of u and 16?
8
Suppose -4*c + 14 = -x - 1, 5*x - 4*c = -27. Let f(t) = 13*t + 1. Let r be f(2). Let q be 6/3 + r + x. Calculate the highest common divisor of 13 and q.
13
Let u(i) = 3*i**2 - 9*i - 20. Let j be u(12). What is the greatest common factor of j and 16?
16
Let n(x) = -x**2 + 11*x + 16. Let t be n(12). Let j = 35 + -34. What is the greatest common factor of t and j?
1
Let v = 46 - 19. What is the greatest common factor of 54 and v?
27
Let y be 6/5*(-60)/(-8). Calculate the highest common factor of 27 and y.
9
Let k = -27 - -85. What is the highest common divisor of k and 29?
29
Let r(h) be the first derivative of -14*h**2 - 7*h - 4. Let x be r(-3). What is the highest common divisor of 7 and x?
7
Suppose -4*t = 4*s - 44, s - 40 = -3*s - 3*t. Suppose 0 = 2*h - s - 35. Calculate the greatest common divisor of 231 and h.
21
Suppose -y = -5*j - 89, 3*y - 2*j - 253 = -j. Let o = 33 + 6. Let t = o + -27. What is the greatest common divisor of t and y?
12
Let g be 32/12 - (-4)/(-6). Suppose -7*y + g*y = -30. Let m(t) = 5*t**2 + 4*t + 3. Let q be m(-2). What is the highest common factor of y and q?
3
Let p = -47 + 17. Let r = 42 + p. What is the highest common factor of r and 72?
12
Suppose 2*y - 47 - 3 = 0. What is the greatest common divisor of 10 and y?
5
Let y be (81/12)/(3/36). Calculate the highest common divisor of 54 and y.
27
Let g = 12 + -2. Let b be 6/10 - (-4)/g. Let j = 28 - 19. What is the highest common factor of b and j?
1
Suppose 0 = 3*a + 5*z - 11, a - 4*z - 16 - 16 = 0. Let g = 31 + -7. Calculate the greatest common divisor of g and a.
12
Let s = 8 - -1. What is the greatest common divisor of 18 and s?
9
Suppose 6*c + o = 4*c + 66, 4*o = 4*c - 120. What is the highest common divisor of 4 and c?
4
Let k be -6 - -4 - 7*-3. What is the highest common divisor of k and 19?
19
Let i(n) = -45*n - 18. Let g be i(-10). What is the greatest common divisor of 18 and g?
18
Let a = -14 - -62. Calculate the highest co